{"id":22,"date":"2024-12-03T18:36:54","date_gmt":"2024-12-03T18:36:54","guid":{"rendered":"https:\/\/tunisia-dental-tourism.com\/?page_id=22"},"modified":"2025-01-09T08:30:00","modified_gmt":"2025-01-09T08:30:00","slug":"traitement","status":"publish","type":"page","link":"https:\/\/tunisia-dental-tourism.com\/?page_id=22","title":{"rendered":"Traitement"},"content":{"rendered":"<div id=\"pl-22\"  class=\"panel-layout\" ><div id=\"pg-22-0\"  class=\"panel-grid panel-has-style\" ><div class=\"divider-no-animation panel-row-style panel-row-style-for-22-0\" ><div id=\"pgc-22-0-0\"  class=\"panel-grid-cell\" ><div id=\"panel-22-0-0-0\" class=\"so-panel widget widget_orion_icon_text_w panel-first-child panel-last-child\" data-index=\"0\" ><div class=\"orion custom default panel-widget-style panel-widget-style-for-22-0-0-0\" ><div\n\t\t\t\n\t\t\tclass=\"so-widget-orion_icon_text_w so-widget-orion_icon_text_w-base\"\n\t\t\t\n\t\t>\r\n<div class=\"row icon-box-items-wrap grid align-icons-center-mobile align-icons-center-tablet icon-top\">\r\n \r\n\t\r\n\t\t\r\n\t\t\r\n\t\t\t\t\r\n\t\t\r\n\t\t<div class=\"icon-box-wrap clearfix col-lg-4 col-md-4 col-sm-6 text-dark icon-image-wrap\" style=\"margin-bottom:36px;\">\t\t\r\n\r\n\t\t\t\t\t\t\t\t\t\t<a href=\"https:\/\/tunisia-dental-tourism.com\/?page_id=24\"  class=\"icon-wrap relative square\">\r\n\t\t\t\t\t\t\t\t\t\t<span class=\"image\"><img loading=\"lazy\" decoding=\"async\" width=\"128\" height=\"128\" src=\"https:\/\/tunisia-dental-tourism.com\/wp-content\/uploads\/2025\/01\/couronne.png\" class=\"attachment-thumbnail size-thumbnail\" alt=\"\" \/><\/span>\t\t\t\t<\/a>\r\n\t\t\t\r\n\t\t\t<a class=\"title-link\" href=\"https:\/\/tunisia-dental-tourism.com\/?page_id=24\"><h4 class=\"item-title h6\">Implant dentaire<\/h4><\/a>\t\t\t\r\n\r\n\t\t\t\t\t\t<span class=\"description\">L'implantologie dentaire est une sp\u00e9cialit\u00e9 de la dentisterie qui concerne la restauration des dents manquantes <\/span>\r\n\t\t\t\r\n\t\t<\/div>\r\n\t\r\n\t\t\r\n\t\t\r\n\t\t\t\t\r\n\t\t\r\n\t\t<div class=\"icon-box-wrap clearfix col-lg-4 col-md-4 col-sm-6 text-dark icon-image-wrap icon-image-wrap\" style=\"margin-bottom:36px;\">\t\t\r\n\r\n\t\t\t\t\t\t\t\t\t\t<a href=\"https:\/\/tunisia-dental-tourism.com\/?page_id=97\"  class=\"icon-wrap relative square\">\r\n\t\t\t\t\t\t\t\t\t\t<span class=\"image\"><img loading=\"lazy\" decoding=\"async\" width=\"128\" height=\"128\" src=\"https:\/\/tunisia-dental-tourism.com\/wp-content\/uploads\/2025\/01\/couronne2.png\" class=\"attachment-thumbnail size-thumbnail\" alt=\"\" \/><\/span>\t\t\t\t<\/a>\r\n\t\t\t\r\n\t\t\t<a class=\"title-link\" href=\"https:\/\/tunisia-dental-tourism.com\/?page_id=97\"><h4 class=\"item-title h6\">Couronne dentaire<\/h4><\/a>\t\t\t\r\n\r\n\t\t\t\t\t\t<span class=\"description\">Une couronne dentaire est une proth\u00e8se fixe qui recouvre enti\u00e8rement une dent endommag\u00e9e ou d\u00e9grad\u00e9e<\/span>\r\n\t\t\t\r\n\t\t<\/div>\r\n\t\r\n\t\t\r\n\t\t\r\n\t\t\t\t\r\n\t\t\r\n\t\t<div class=\"icon-box-wrap clearfix col-lg-4 col-md-4 col-sm-6 text-dark icon-image-wrap icon-image-wrap icon-image-wrap\" style=\"margin-bottom:36px;\">\t\t\r\n\r\n\t\t\t\t\t\t\t\t\t\t<a href=\"https:\/\/tunisia-dental-tourism.com\/?page_id=106\"  class=\"icon-wrap relative square\">\r\n\t\t\t\t\t\t\t\t\t\t<span class=\"image\"><img loading=\"lazy\" decoding=\"async\" width=\"128\" height=\"128\" src=\"https:\/\/tunisia-dental-tourism.com\/wp-content\/uploads\/2025\/01\/bridge.png\" class=\"attachment-thumbnail size-thumbnail\" alt=\"\" \/><\/span>\t\t\t\t<\/a>\r\n\t\t\t\r\n\t\t\t<a class=\"title-link\" href=\"https:\/\/tunisia-dental-tourism.com\/?page_id=106\"><h4 class=\"item-title h6\">Bridge Dentaire<\/h4><\/a>\t\t\t\r\n\r\n\t\t\t\t\t\t<span class=\"description\">Un bridge dentaire est une proth\u00e8se fixe utilis\u00e9e pour remplacer une ou plusieurs dents manquantes<\/span>\r\n\t\t\t\r\n\t\t<\/div>\r\n\t\r\n\t\t\r\n\t\t\r\n\t\t\t\t\r\n\t\t\r\n\t\t<div class=\"icon-box-wrap clearfix col-lg-4 col-md-4 col-sm-6 text-dark icon-image-wrap icon-image-wrap icon-image-wrap icon-image-wrap\" style=\"margin-bottom:36px;\">\t\t\r\n\r\n\t\t\t\t\t\t\t\t\t\t<a href=\"https:\/\/tunisia-dental-tourism.com\/?page_id=109\"  class=\"icon-wrap relative square\">\r\n\t\t\t\t\t\t\t\t\t\t<span class=\"image\"><img loading=\"lazy\" decoding=\"async\" width=\"128\" height=\"128\" src=\"https:\/\/tunisia-dental-tourism.com\/wp-content\/uploads\/2025\/01\/allon4.png\" class=\"attachment-thumbnail size-thumbnail\" alt=\"\" \/><\/span>\t\t\t\t<\/a>\r\n\t\t\t\r\n\t\t\t<a class=\"title-link\" href=\"https:\/\/tunisia-dental-tourism.com\/?page_id=109\"><h4 class=\"item-title h6\">All-on-4,All-on-6<\/h4><\/a>\t\t\t\r\n\r\n\t\t\t\t\t\t<span class=\"description\">L'All-on-4 est une technique d'implantation dentaire qui permet de remplacer une arcades compl\u00e8te de dents \u00e0 l'aide de seulement quatre implants<\/span>\r\n\t\t\t\r\n\t\t<\/div>\r\n\t\r\n\t\t\r\n\t\t\r\n\t\t\t\t\r\n\t\t\r\n\t\t<div class=\"icon-box-wrap clearfix col-lg-4 col-md-4 col-sm-6 text-dark icon-image-wrap icon-image-wrap icon-image-wrap icon-image-wrap icon-image-wrap\" style=\"margin-bottom:36px;\">\t\t\r\n\r\n\t\t\t\t\t\t\t\t\t\t<a href=\"https:\/\/tunisia-dental-tourism.com\/?page_id=112\"  class=\"icon-wrap relative square\">\r\n\t\t\t\t\t\t\t\t\t\t<span class=\"image\"><img loading=\"lazy\" decoding=\"async\" width=\"128\" height=\"128\" src=\"https:\/\/tunisia-dental-tourism.com\/wp-content\/uploads\/2025\/01\/comblement.png\" class=\"attachment-thumbnail size-thumbnail\" alt=\"\" \/><\/span>\t\t\t\t<\/a>\r\n\t\t\t\r\n\t\t\t<a class=\"title-link\" href=\"https:\/\/tunisia-dental-tourism.com\/?page_id=112\"><h4 class=\"item-title h6\">Comblement osseux<\/h4><\/a>\t\t\t\r\n\r\n\t\t\t\t\t\t<span class=\"description\">Le comblement osseux est une proc\u00e9dure chirurgicale utilis\u00e9e pour r\u00e9g\u00e9n\u00e9rer ou restaurer le volume osseux dans la m\u00e2choire.<\/span>\r\n\t\t\t\r\n\t\t<\/div>\r\n\t\r\n\t\t\r\n\t\t\r\n\t\t\t\t\r\n\t\t\r\n\t\t<div class=\"icon-box-wrap clearfix col-lg-4 col-md-4 col-sm-6 text-dark icon-image-wrap icon-image-wrap icon-image-wrap icon-image-wrap icon-image-wrap icon-image-wrap\" style=\"margin-bottom:36px;\">\t\t\r\n\r\n\t\t\t\t\t\t\t\t\t\t<a href=\"https:\/\/tunisia-dental-tourism.com\/?page_id=115\"  class=\"icon-wrap relative square\">\r\n\t\t\t\t\t\t\t\t\t\t<span class=\"image\"><img loading=\"lazy\" decoding=\"async\" width=\"128\" height=\"128\" src=\"https:\/\/tunisia-dental-tourism.com\/wp-content\/uploads\/2025\/01\/inlay.png\" class=\"attachment-thumbnail size-thumbnail\" alt=\"\" \/><\/span>\t\t\t\t<\/a>\r\n\t\t\t\r\n\t\t\t<a class=\"title-link\" href=\"https:\/\/tunisia-dental-tourism.com\/?page_id=115\"><h4 class=\"item-title h6\">Inlay-Onlay<\/h4><\/a>\t\t\t\r\n\r\n\t\t\t\t\t\t<span class=\"description\">Les inlay-onlay faits de c\u00e9ramique sont coll\u00e9s dans la dent afin de remplacer la partie d\u00e9truite par la carie ou en raison d'un bris dans l'\u00e9mail.<\/span>\r\n\t\t\t\r\n\t\t<\/div>\r\n\t\r\n\t\t\r\n\t\t\r\n\t\t\t\t\r\n\t\t\r\n\t\t<div class=\"icon-box-wrap clearfix col-lg-4 col-md-4 col-sm-6 text-dark icon-image-wrap icon-image-wrap icon-image-wrap icon-image-wrap icon-image-wrap icon-image-wrap icon-image-wrap\" style=\"margin-bottom:36px;\">\t\t\r\n\r\n\t\t\t\t\t\t\t\t\t\t<a href=\"https:\/\/tunisia-dental-tourism.com\/?page_id=94\"  class=\"icon-wrap relative square\">\r\n\t\t\t\t\t\t\t\t\t\t<span class=\"image\"><img loading=\"lazy\" decoding=\"async\" width=\"128\" height=\"128\" src=\"https:\/\/tunisia-dental-tourism.com\/wp-content\/uploads\/2025\/01\/facette.png\" class=\"attachment-thumbnail size-thumbnail\" alt=\"\" \/><\/span>\t\t\t\t<\/a>\r\n\t\t\t\r\n\t\t\t<a class=\"title-link\" href=\"https:\/\/tunisia-dental-tourism.com\/?page_id=94\"><h4 class=\"item-title h6\">Facettes Dentaire<\/h4><\/a>\t\t\t\r\n\r\n\t\t\t\t\t\t<span class=\"description\">Une facette dentaire est une fine coquille, g\u00e9n\u00e9ralement en c\u00e9ramique ou en r\u00e9sine composite, qui est coll\u00e9e sur la surface visible des dents. <\/span>\r\n\t\t\t\r\n\t\t<\/div>\r\n\t\r\n\t\t\r\n\t\t\r\n\t\t\t\t\r\n\t\t\r\n\t\t<div class=\"icon-box-wrap clearfix col-lg-4 col-md-4 col-sm-6 text-dark icon-image-wrap icon-image-wrap icon-image-wrap icon-image-wrap icon-image-wrap icon-image-wrap icon-image-wrap icon-image-wrap\" style=\"margin-bottom:36px;\">\t\t\r\n\r\n\t\t\t\t\t\t\t\t\t\t<a href=\"https:\/\/tunisia-dental-tourism.com\/?page_id=100\"  class=\"icon-wrap relative square\">\r\n\t\t\t\t\t\t\t\t\t\t<span class=\"image\"><img loading=\"lazy\" decoding=\"async\" width=\"128\" height=\"128\" src=\"https:\/\/tunisia-dental-tourism.com\/wp-content\/uploads\/2025\/01\/blanche.png\" class=\"attachment-thumbnail size-thumbnail\" alt=\"\" \/><\/span>\t\t\t\t<\/a>\r\n\t\t\t\r\n\t\t\t<a class=\"title-link\" href=\"https:\/\/tunisia-dental-tourism.com\/?page_id=100\"><h4 class=\"item-title h6\">Blanchiment Dentaire<\/h4><\/a>\t\t\t\r\n\r\n\t\t\t\t\t\t<span class=\"description\">Le blanchiment dentaire est une proc\u00e9dure esth\u00e9tique visant \u00e0 \u00e9claircir la couleur des dents et \u00e0 \u00e9liminer les taches, les d\u00e9colorations<\/span>\r\n\t\t\t\r\n\t\t<\/div>\r\n\t\r\n\t\t\r\n\t\t\r\n\t\t\t\t\r\n\t\t\r\n\t\t<div class=\"icon-box-wrap clearfix col-lg-4 col-md-4 col-sm-6 text-dark icon-image-wrap icon-image-wrap icon-image-wrap icon-image-wrap icon-image-wrap icon-image-wrap icon-image-wrap icon-image-wrap icon-image-wrap\" style=\"margin-bottom:36px;\">\t\t\r\n\r\n\t\t\t\t\t\t\t\t\t\t<a href=\"https:\/\/tunisia-dental-tourism.com\/?page_id=120\"  class=\"icon-wrap relative square\">\r\n\t\t\t\t\t\t\t\t\t\t<span class=\"image\"><img loading=\"lazy\" decoding=\"async\" width=\"128\" height=\"128\" src=\"https:\/\/tunisia-dental-tourism.com\/wp-content\/uploads\/2025\/01\/ortho.png\" class=\"attachment-thumbnail size-thumbnail\" alt=\"\" \/><\/span>\t\t\t\t<\/a>\r\n\t\t\t\r\n\t\t\t<a class=\"title-link\" href=\"https:\/\/tunisia-dental-tourism.com\/?page_id=120\"><h4 class=\"item-title h6\">Orthodontie<\/h4><\/a>\t\t\t\r\n\r\n\t\t\t\t\t\t<span class=\"description\">L'orthodontie est une sp\u00e9cialit\u00e9 dentaire consacr\u00e9e au diagnostic, \u00e0 la pr\u00e9vention et au traitement des anomalies dentaires et faciales<\/span>\r\n\t\t\t\r\n\t\t<\/div>\r\n\t\r\n<\/div><\/div><\/div><\/div><\/div><\/div><\/div><\/div>","protected":false},"excerpt":{"rendered":"<p>Implant dentaire L&rsquo;implantologie dentaire est une sp\u00e9cialit\u00e9 de la dentisterie qui concerne la restauration des dents manquantes Couronne dentaire Une couronne dentaire est une proth\u00e8se fixe qui recouvre enti\u00e8rement une dent endommag\u00e9e ou d\u00e9grad\u00e9e Bridge Dentaire Un bridge dentaire est une proth\u00e8se fixe utilis\u00e9e pour remplacer une ou plusieurs dents manquantes All-on-4,All-on-6 L&rsquo;All-on-4 est une<\/p>\n","protected":false},"author":1,"featured_media":0,"parent":0,"menu_order":0,"comment_status":"closed","ping_status":"closed","template":"","meta":{"footnotes":""},"class_list":["post-22","page","type-page","status-publish","hentry"],"_links":{"self":[{"href":"https:\/\/tunisia-dental-tourism.com\/index.php?rest_route=\/wp\/v2\/pages\/22","targetHints":{"allow":["GET"]}}],"collection":[{"href":"https:\/\/tunisia-dental-tourism.com\/index.php?rest_route=\/wp\/v2\/pages"}],"about":[{"href":"https:\/\/tunisia-dental-tourism.com\/index.php?rest_route=\/wp\/v2\/types\/page"}],"author":[{"embeddable":true,"href":"https:\/\/tunisia-dental-tourism.com\/index.php?rest_route=\/wp\/v2\/users\/1"}],"replies":[{"embeddable":true,"href":"https:\/\/tunisia-dental-tourism.com\/index.php?rest_route=%2Fwp%2Fv2%2Fcomments&post=22"}],"version-history":[{"count":18,"href":"https:\/\/tunisia-dental-tourism.com\/index.php?rest_route=\/wp\/v2\/pages\/22\/revisions"}],"predecessor-version":[{"id":149,"href":"https:\/\/tunisia-dental-tourism.com\/index.php?rest_route=\/wp\/v2\/pages\/22\/revisions\/149"}],"wp:attachment":[{"href":"https:\/\/tunisia-dental-tourism.com\/index.php?rest_route=%2Fwp%2Fv2%2Fmedia&parent=22"}],"curies":[{"name":"wp","href":"https:\/\/api.w.org\/{rel}","templated":true}]}}