{"id":120,"date":"2025-01-08T23:15:51","date_gmt":"2025-01-08T23:15:51","guid":{"rendered":"https:\/\/tunisia-dental-tourism.com\/?page_id=120"},"modified":"2025-01-09T08:55:34","modified_gmt":"2025-01-09T08:55:34","slug":"orthodontie","status":"publish","type":"page","link":"https:\/\/tunisia-dental-tourism.com\/?page_id=120","title":{"rendered":"Orthodontie"},"content":{"rendered":"<div id=\"pl-120\"  class=\"panel-layout\" ><div id=\"pg-120-0\"  class=\"panel-grid panel-has-style\" ><div class=\"divider-no-animation tablet-default mobile-default desktop-default custom panel-row-style panel-row-style-for-120-0\" ><div id=\"pgc-120-0-0\"  class=\"panel-grid-cell panel-grid-cell-mobile-last\" ><div id=\"panel-120-0-0-0\" class=\"so-panel widget widget_text panel-first-child panel-last-child\" data-index=\"0\" ><div class=\"orion custom default panel-widget-style panel-widget-style-for-120-0-0-0\" >\t\t\t<div class=\"textwidget\"><div id=\"pgc-70-0-0\" class=\"panel-grid-cell panel-grid-cell-mobile-last\">\n<div id=\"panel-70-0-0-0\" class=\"so-panel widget widget_sow-editor panel-first-child\" data-index=\"0\">\n<div class=\"orion custom default panel-widget-style panel-widget-style-for-70-0-0-0\">\n<div class=\"so-widget-sow-editor so-widget-sow-editor-base\">\n<div class=\"siteorigin-widget-tinymce textwidget\">\n<p>L&rsquo;orthodontie est une sp\u00e9cialit\u00e9 dentaire consacr\u00e9e au diagnostic, \u00e0 la pr\u00e9vention et au traitement des anomalies dentaires et faciales. Son objectif principal est de corriger les malpositions des dents et des m\u00e2choires pour am\u00e9liorer la fonction masticatoire, l&rsquo;esth\u00e9tique du sourire et la sant\u00e9 bucco-dentaire globale.<\/p>\n<\/div>\n<\/div>\n<\/div>\n<\/div>\n<div id=\"panel-70-0-0-1\" class=\"so-panel widget widget_orion_heading_w\" data-index=\"1\">\n<div class=\"orion custom default panel-widget-style panel-widget-style-for-70-0-0-1\">\n<div class=\"so-widget-orion_heading_w so-widget-orion_heading_w-base\">\n<div class=\"row orion-heading\">\n<div class=\"col-md-12   text-left style-h2 style-primary-color\">\n<h2 class=\"primary-color\">Types de malocclusions<\/h2>\n<\/div>\n<\/div>\n<\/div>\n<\/div>\n<\/div>\n<div id=\"panel-70-0-0-2\" class=\"so-panel widget widget_sow-editor\" data-index=\"2\">\n<div class=\"orion custom default panel-widget-style panel-widget-style-for-70-0-0-2\">\n<div class=\"so-widget-sow-editor so-widget-sow-editor-base\">\n<div class=\"siteorigin-widget-tinymce textwidget\">\n<p>Les malocclusions sont des anomalies dans l&rsquo;alignement des dents et des m\u00e2choires. Voici les principaux types :<\/p>\n<ol>\n<li><strong>Malocclusion de Classe I<\/strong> : Les dents sont correctement align\u00e9es, mais il y a des probl\u00e8mes d&rsquo;alignement des dents individuelles.<\/li>\n<li><strong>Malocclusion de Classe II<\/strong> : Les dents sup\u00e9rieures sont trop avanc\u00e9es par rapport aux dents inf\u00e9rieures (surnomm\u00e9e \u00ab r\u00e9trognathie \u00bb).<\/li>\n<li><strong>Malocclusion de Classe III<\/strong> : Les dents inf\u00e9rieures sont trop avanc\u00e9es par rapport aux dents sup\u00e9rieures (surnomm\u00e9e \u00ab prognathie \u00bb).<\/li>\n<\/ol>\n<\/div>\n<\/div>\n<\/div>\n<\/div>\n<div id=\"panel-70-0-0-3\" class=\"so-panel widget widget_orion_heading_w\" data-index=\"3\">\n<div class=\"orion custom default panel-widget-style panel-widget-style-for-70-0-0-3\">\n<div class=\"so-widget-orion_heading_w so-widget-orion_heading_w-base\">\n<div class=\"row orion-heading\">\n<div class=\"col-md-12   text-left style-h2 style-primary-color\">\n<h2 class=\"primary-color\">Indications pour un traitement orthodontique<\/h2>\n<\/div>\n<\/div>\n<\/div>\n<\/div>\n<\/div>\n<div id=\"panel-70-0-0-4\" class=\"so-panel widget widget_sow-editor\" data-index=\"4\">\n<div class=\"orion custom default panel-widget-style panel-widget-style-for-70-0-0-4\">\n<div class=\"so-widget-sow-editor so-widget-sow-editor-base\">\n<div class=\"siteorigin-widget-tinymce textwidget\">\n<p>Le traitement orthodontique est indiqu\u00e9 dans plusieurs cas :<\/p>\n<ul>\n<li>Dents mal positionn\u00e9es (crois\u00e9es, chevauch\u00e9es).<\/li>\n<li>Espaces excessifs entre les dents.<\/li>\n<li>M\u00e2choires qui ne s&rsquo;alignent pas correctement.<\/li>\n<li>Probl\u00e8mes fonctionnels li\u00e9s \u00e0 la mastication ou \u00e0 la phonation.<\/li>\n<\/ul>\n<\/div>\n<\/div>\n<\/div>\n<\/div>\n<div id=\"panel-70-0-0-5\" class=\"so-panel widget widget_orion_heading_w\" data-index=\"5\">\n<div class=\"orion custom default panel-widget-style panel-widget-style-for-70-0-0-5\">\n<div class=\"so-widget-orion_heading_w so-widget-orion_heading_w-base\">\n<div class=\"row orion-heading\">\n<div class=\"col-md-12   text-left style-h2 style-primary-color\">\n<h2 class=\"primary-color\">\u00c9valuation initiale<\/h2>\n<\/div>\n<\/div>\n<\/div>\n<\/div>\n<\/div>\n<div id=\"panel-70-0-0-6\" class=\"so-panel widget widget_sow-editor\" data-index=\"6\">\n<div class=\"orion custom default panel-widget-style panel-widget-style-for-70-0-0-6\">\n<div class=\"so-widget-sow-editor so-widget-sow-editor-base\">\n<div class=\"siteorigin-widget-tinymce textwidget\">\n<ol>\n<li><strong>Consultation<\/strong> : Un examen clinique approfondi et l&rsquo;histoire m\u00e9dicale du patient.<\/li>\n<li><strong>Radiographies<\/strong> : Utilisation de radiographies panoramiques et c\u00e9phalom\u00e9triques pour \u00e9valuer la structure dentaire et osseuse.<\/li>\n<li><strong>Mod\u00e8les d&rsquo;\u00e9tude <\/strong>: Prise d&#8217;empreintes pour cr\u00e9er des mod\u00e8les en pl\u00e2tre des dents.<\/li>\n<\/ol>\n<\/div>\n<\/div>\n<\/div>\n<\/div>\n<div id=\"panel-70-0-0-7\" class=\"so-panel widget widget_orion_heading_w\" data-index=\"7\">\n<div class=\"orion custom default panel-widget-style panel-widget-style-for-70-0-0-7\">\n<div class=\"so-widget-orion_heading_w so-widget-orion_heading_w-base\">\n<div class=\"row orion-heading\">\n<div class=\"col-md-12   text-left style-h2 style-primary-color\">\n<h2 class=\"primary-color\">Techniques de traitement<\/h2>\n<\/div>\n<\/div>\n<\/div>\n<\/div>\n<\/div>\n<div id=\"panel-70-0-0-8\" class=\"so-panel widget widget_sow-editor\" data-index=\"8\">\n<div class=\"orion custom default panel-widget-style panel-widget-style-for-70-0-0-8\">\n<div class=\"so-widget-sow-editor so-widget-sow-editor-base\">\n<div class=\"siteorigin-widget-tinymce textwidget\">\n<ul>\n<li><strong>Appareils fixes<\/strong> :\n<ul>\n<li><strong>Bagues (brackets)<\/strong> : Coll\u00e9es sur les dents, reli\u00e9es par un fil.<\/li>\n<li><strong>Fils orthodontiques<\/strong> : Exercent une pression sur les dents pour les d\u00e9placer progressivement.<\/li>\n<\/ul>\n<\/li>\n<li><strong>Appareils amovibles<\/strong> :\n<ul>\n<li><strong>Goutti\u00e8res transparentes<\/strong> : Utilis\u00e9es pour d\u00e9placer les dents sans avoir recours \u00e0 des bagues visibles (ex : Invisalign).<\/li>\n<li><strong>Appareils de r\u00e9tention<\/strong> : Maintiennent les dents en position apr\u00e8s le traitement.<\/li>\n<\/ul>\n<\/li>\n<li><strong>Chirurgie orthognathique<\/strong> : Dans les cas complexes, une intervention chirurgicale peut \u00eatre n\u00e9cessaire pour r\u00e9aligner les m\u00e2choires.<\/li>\n<\/ul>\n<\/div>\n<\/div>\n<\/div>\n<\/div>\n<div id=\"panel-70-0-0-9\" class=\"so-panel widget widget_orion_heading_w\" data-index=\"9\">\n<div class=\"orion custom default panel-widget-style panel-widget-style-for-70-0-0-9\">\n<div class=\"so-widget-orion_heading_w so-widget-orion_heading_w-base\">\n<div class=\"row orion-heading\">\n<div class=\"col-md-12   text-left style-h2 style-primary-color\">\n<h2 class=\"primary-color\">Dur\u00e9e du traitement<\/h2>\n<\/div>\n<\/div>\n<\/div>\n<\/div>\n<\/div>\n<div id=\"panel-70-0-0-10\" class=\"so-panel widget widget_sow-editor\" data-index=\"10\">\n<div class=\"orion custom default panel-widget-style panel-widget-style-for-70-0-0-10\">\n<div class=\"so-widget-sow-editor so-widget-sow-editor-base\">\n<div class=\"siteorigin-widget-tinymce textwidget\">\n<p>La dur\u00e9e du traitement orthodontique varie selon la complexit\u00e9 des cas, g\u00e9n\u00e9ralement entre 6 mois et 2 ans. Un suivi r\u00e9gulier est essentiel pour ajuster les appareils et garantir une progression optimale.<\/p>\n<\/div>\n<\/div>\n<\/div>\n<\/div>\n<div id=\"panel-70-0-0-11\" class=\"so-panel widget widget_orion_heading_w\" data-index=\"11\">\n<div class=\"orion custom default panel-widget-style panel-widget-style-for-70-0-0-11\">\n<div class=\"so-widget-orion_heading_w so-widget-orion_heading_w-base\">\n<div class=\"row orion-heading\">\n<div class=\"col-md-12   text-left style-h2 style-primary-color\">\n<h2 class=\"primary-color\">Avantages du traitement orthodontique<\/h2>\n<\/div>\n<\/div>\n<\/div>\n<\/div>\n<\/div>\n<div id=\"panel-70-0-0-12\" class=\"so-panel widget widget_sow-editor\" data-index=\"12\">\n<div class=\"orion custom default panel-widget-style panel-widget-style-for-70-0-0-12\">\n<div class=\"so-widget-sow-editor so-widget-sow-editor-base\">\n<div class=\"siteorigin-widget-tinymce textwidget\">\n<ul>\n<li><strong>Am\u00e9lioration de l&rsquo;esth\u00e9tique<\/strong> : Un sourire harmonieux et bien align\u00e9.<\/li>\n<li><strong>Fonction masticatoire am\u00e9lior\u00e9e<\/strong> : Restauration d&rsquo;une occlusion correcte.<\/li>\n<li><strong>Pr\u00e9vention des probl\u00e8mes dentaires<\/strong> : R\u00e9duction des risques de caries et de maladies parodontales.<\/li>\n<li><strong>Confiance en soi<\/strong> : Am\u00e9lioration de l&rsquo;image personnelle et de l&rsquo;estime de soi.<\/li>\n<\/ul>\n<\/div>\n<\/div>\n<\/div>\n<\/div>\n<div id=\"panel-70-0-0-13\" class=\"so-panel widget widget_orion_heading_w\" data-index=\"13\">\n<div class=\"orion custom default panel-widget-style panel-widget-style-for-70-0-0-13\">\n<div class=\"so-widget-orion_heading_w so-widget-orion_heading_w-base\">\n<div class=\"row orion-heading\">\n<div class=\"col-md-12   text-left style-h2 style-primary-color\">\n<h2 class=\"primary-color\">Conclusion<\/h2>\n<\/div>\n<\/div>\n<\/div>\n<\/div>\n<\/div>\n<div id=\"panel-70-0-0-14\" class=\"so-panel widget widget_sow-editor panel-last-child\" data-index=\"14\">\n<div class=\"orion custom default panel-widget-style panel-widget-style-for-70-0-0-14\">\n<div class=\"so-widget-sow-editor so-widget-sow-editor-base\">\n<div class=\"siteorigin-widget-tinymce textwidget\">\n<p>L&rsquo;orthodontie joue un r\u00f4le fondamental dans la sant\u00e9 bucco-dentaire et l&rsquo;esth\u00e9tique du sourire. Gr\u00e2ce aux avanc\u00e9es technologiques, les traitements sont plus efficaces et confortables que jamais. Un bon suivi et une communication avec le praticien sont essentiels pour garantir le succ\u00e8s du traitement.<\/p>\n<\/div>\n<\/div>\n<\/div>\n<\/div>\n<\/div>\n<\/div>\n\t\t<\/div><\/div><\/div><div id=\"pgc-120-0-1\"  class=\"panel-grid-cell panel-grid-cell-empty\" ><\/div><\/div><\/div><\/div>","protected":false},"excerpt":{"rendered":"<p>L&rsquo;orthodontie est une sp\u00e9cialit\u00e9 dentaire consacr\u00e9e au diagnostic, \u00e0 la pr\u00e9vention et au traitement des anomalies dentaires et faciales. Son objectif principal est de corriger les malpositions des dents et des m\u00e2choires pour am\u00e9liorer la fonction masticatoire, l&rsquo;esth\u00e9tique du sourire et la sant\u00e9 bucco-dentaire globale. Types de malocclusions Les malocclusions sont des anomalies dans l&rsquo;alignement<\/p>\n","protected":false},"author":1,"featured_media":0,"parent":0,"menu_order":0,"comment_status":"closed","ping_status":"closed","template":"","meta":{"footnotes":""},"class_list":["post-120","page","type-page","status-publish","hentry"],"_links":{"self":[{"href":"https:\/\/tunisia-dental-tourism.com\/index.php?rest_route=\/wp\/v2\/pages\/120","targetHints":{"allow":["GET"]}}],"collection":[{"href":"https:\/\/tunisia-dental-tourism.com\/index.php?rest_route=\/wp\/v2\/pages"}],"about":[{"href":"https:\/\/tunisia-dental-tourism.com\/index.php?rest_route=\/wp\/v2\/types\/page"}],"author":[{"embeddable":true,"href":"https:\/\/tunisia-dental-tourism.com\/index.php?rest_route=\/wp\/v2\/users\/1"}],"replies":[{"embeddable":true,"href":"https:\/\/tunisia-dental-tourism.com\/index.php?rest_route=%2Fwp%2Fv2%2Fcomments&post=120"}],"version-history":[{"count":1,"href":"https:\/\/tunisia-dental-tourism.com\/index.php?rest_route=\/wp\/v2\/pages\/120\/revisions"}],"predecessor-version":[{"id":122,"href":"https:\/\/tunisia-dental-tourism.com\/index.php?rest_route=\/wp\/v2\/pages\/120\/revisions\/122"}],"wp:attachment":[{"href":"https:\/\/tunisia-dental-tourism.com\/index.php?rest_route=%2Fwp%2Fv2%2Fmedia&parent=120"}],"curies":[{"name":"wp","href":"https:\/\/api.w.org\/{rel}","templated":true}]}}