{"id":100,"date":"2025-01-08T22:43:07","date_gmt":"2025-01-08T22:43:07","guid":{"rendered":"https:\/\/tunisia-dental-tourism.com\/?page_id=100"},"modified":"2025-01-09T08:59:38","modified_gmt":"2025-01-09T08:59:38","slug":"blanchiment-dentaire","status":"publish","type":"page","link":"https:\/\/tunisia-dental-tourism.com\/?page_id=100","title":{"rendered":"Blanchiment dentaire"},"content":{"rendered":"<div id=\"pl-100\"  class=\"panel-layout\" ><div id=\"pg-100-0\"  class=\"panel-grid panel-has-style\" ><div class=\"divider-no-animation tablet-default mobile-default desktop-default custom panel-row-style panel-row-style-for-100-0\" ><div id=\"pgc-100-0-0\"  class=\"panel-grid-cell panel-grid-cell-mobile-last\" ><div id=\"panel-100-0-0-0\" class=\"so-panel widget widget_text panel-first-child panel-last-child\" data-index=\"0\" ><div class=\"orion custom default panel-widget-style panel-widget-style-for-100-0-0-0\" >\t\t\t<div class=\"textwidget\"><div id=\"pgc-250-0-0\" class=\"panel-grid-cell panel-grid-cell-mobile-last\">\n<div id=\"panel-250-0-0-0\" class=\"so-panel widget widget_sow-editor panel-first-child\" data-index=\"0\">\n<div class=\"orion custom default panel-widget-style panel-widget-style-for-250-0-0-0\">\n<div class=\"so-widget-sow-editor so-widget-sow-editor-base\">\n<div class=\"siteorigin-widget-tinymce textwidget\">\n<p>Le blanchiment dentaire est une proc\u00e9dure esth\u00e9tique visant \u00e0 \u00e9claircir la couleur des dents et \u00e0 \u00e9liminer les taches, les d\u00e9colorations ou l&rsquo;accumulation de plaque<\/p>\n<\/div>\n<\/div>\n<\/div>\n<\/div>\n<div id=\"panel-250-0-0-1\" class=\"so-panel widget widget_orion_heading_w\" data-index=\"1\">\n<div class=\"orion custom default panel-widget-style panel-widget-style-for-250-0-0-1\">\n<div class=\"so-widget-orion_heading_w so-widget-orion_heading_w-base\">\n<div class=\"row orion-heading\">\n<div class=\"col-md-12 text-left style-h4 style-primary-color\">\n<h4 class=\"primary-color\">Indications pour le Blanchiment Dentaire<\/h4>\n<\/div>\n<\/div>\n<\/div>\n<\/div>\n<\/div>\n<div id=\"panel-250-0-0-2\" class=\"so-panel widget widget_sow-editor\" data-index=\"2\">\n<div class=\"orion custom default panel-widget-style panel-widget-style-for-250-0-0-2\">\n<div class=\"so-widget-sow-editor so-widget-sow-editor-base\">\n<div class=\"siteorigin-widget-tinymce textwidget\">\n<p>Le blanchiment dentaire est souvent recommand\u00e9 dans les cas suivants :<\/p>\n<ul>\n<li><strong>Taches Superficielles<\/strong> : Caus\u00e9es par des aliments, des boissons (comme le caf\u00e9, le th\u00e9, le vin rouge), ou le tabac.<\/li>\n<li><strong>D\u00e9coloration Intrins\u00e8que<\/strong> : Li\u00e9e \u00e0 des facteurs tels que le vieillissement, la fluorose dentaire, ou des ant\u00e9c\u00e9dents de traitement de canal.<\/li>\n<li><strong>Pr\u00e9paration pour des \u00c9v\u00e9nements<\/strong> : Pour am\u00e9liorer l&rsquo;apparence des dents avant des occasions sp\u00e9ciales comme des mariages ou des s\u00e9ances photo.<\/li>\n<\/ul>\n<\/div>\n<\/div>\n<\/div>\n<\/div>\n<div id=\"panel-250-0-0-3\" class=\"so-panel widget widget_orion_heading_w\" data-index=\"3\">\n<div class=\"orion custom default panel-widget-style panel-widget-style-for-250-0-0-3\">\n<div class=\"so-widget-orion_heading_w so-widget-orion_heading_w-base\">\n<div class=\"row orion-heading\">\n<div class=\"col-md-12 text-left style-h4 style-primary-color\">\n<h4 class=\"primary-color\">Proc\u00e9dure de Blanchiment Dentaire<\/h4>\n<\/div>\n<\/div>\n<\/div>\n<\/div>\n<\/div>\n<div id=\"panel-250-0-0-4\" class=\"so-panel widget widget_sow-editor panel-last-child\" data-index=\"4\">\n<div class=\"orion custom default panel-widget-style panel-widget-style-for-250-0-0-4\">\n<div class=\"so-widget-sow-editor so-widget-sow-editor-base\">\n<div class=\"siteorigin-widget-tinymce textwidget\">\n<ol>\n<li><strong>Consultation Initiale<\/strong> : \u00c9valuation de la sant\u00e9 bucco-dentaire et d\u00e9termination des causes de la d\u00e9coloration.<\/li>\n<li><strong>Pr\u00e9paration<\/strong> : Nettoyage des dents pour \u00e9liminer la plaque et le tartre.<\/li>\n<li><strong>Application de l\u2019Agent Blanchissant<\/strong> : L\u2019agent est appliqu\u00e9 sur les dents, souvent en plusieurs couches, et activ\u00e9 par une lumi\u00e8re sp\u00e9ciale.<\/li>\n<li><strong>Temps d\u2019Attente<\/strong> : Le produit reste en place pendant un temps d\u00e9termin\u00e9, suivi d\u2019un rin\u00e7age et d\u2019une \u00e9valuation des r\u00e9sultats.<\/li>\n<\/ol>\n<\/div>\n<\/div>\n<\/div>\n<\/div>\n<\/div>\n<div id=\"pgc-250-0-1\" class=\"panel-grid-cell panel-grid-cell-empty\"><\/div>\n<\/div>\n\t\t<\/div><\/div><\/div><div id=\"pgc-100-0-1\"  class=\"panel-grid-cell panel-grid-cell-empty\" ><\/div><\/div><\/div><\/div>","protected":false},"excerpt":{"rendered":"<p>Le blanchiment dentaire est une proc\u00e9dure esth\u00e9tique visant \u00e0 \u00e9claircir la couleur des dents et \u00e0 \u00e9liminer les taches, les d\u00e9colorations ou l&rsquo;accumulation de plaque Indications pour le Blanchiment Dentaire Le blanchiment dentaire est souvent recommand\u00e9 dans les cas suivants : Taches Superficielles : Caus\u00e9es par des aliments, des boissons (comme le caf\u00e9, le th\u00e9,<\/p>\n","protected":false},"author":1,"featured_media":0,"parent":0,"menu_order":0,"comment_status":"closed","ping_status":"closed","template":"","meta":{"footnotes":""},"class_list":["post-100","page","type-page","status-publish","hentry"],"_links":{"self":[{"href":"https:\/\/tunisia-dental-tourism.com\/index.php?rest_route=\/wp\/v2\/pages\/100","targetHints":{"allow":["GET"]}}],"collection":[{"href":"https:\/\/tunisia-dental-tourism.com\/index.php?rest_route=\/wp\/v2\/pages"}],"about":[{"href":"https:\/\/tunisia-dental-tourism.com\/index.php?rest_route=\/wp\/v2\/types\/page"}],"author":[{"embeddable":true,"href":"https:\/\/tunisia-dental-tourism.com\/index.php?rest_route=\/wp\/v2\/users\/1"}],"replies":[{"embeddable":true,"href":"https:\/\/tunisia-dental-tourism.com\/index.php?rest_route=%2Fwp%2Fv2%2Fcomments&post=100"}],"version-history":[{"count":4,"href":"https:\/\/tunisia-dental-tourism.com\/index.php?rest_route=\/wp\/v2\/pages\/100\/revisions"}],"predecessor-version":[{"id":160,"href":"https:\/\/tunisia-dental-tourism.com\/index.php?rest_route=\/wp\/v2\/pages\/100\/revisions\/160"}],"wp:attachment":[{"href":"https:\/\/tunisia-dental-tourism.com\/index.php?rest_route=%2Fwp%2Fv2%2Fmedia&parent=100"}],"curies":[{"name":"wp","href":"https:\/\/api.w.org\/{rel}","templated":true}]}}